factor of z and 407?
11
Let w be (-48)/(-28) - (-4)/14. Let b = w + -1. Suppose 396 - 372 = 3*f. What is the highest common divisor of b and f?
1
Suppose 5 = 2*w - 3. Suppose 7*o + 2 = 9*o, 3 = z - o. Suppose -3*p - 763 = -w*i, -z*i - 7*p = -5*p - 738. Calculate the highest common divisor of i and 17.
17
Suppose -t = -5*b - 8, -t + 4*b + 11 = -1. Let y be (-5)/(-3) + (-1)/(-3) + -5. Let x be (-5 - (y - 1)) + 5. Calculate the highest common factor of t and x.
4
Let b = 81 + 59. What is the greatest common factor of 56 and b?
28
Suppose 4535 = 122*f - 2785. Let o(i) = -i + 7. Let r be o(-5). What is the greatest common divisor of f and r?
12
Suppose 0 = 4*c + h - 27, h + 3 = 2*c - c. Suppose -c*y + 70 = -y. Calculate the greatest common factor of 70 and y.
14
Suppose 469*q = 470*q - 60. Let s = 27 - 15. What is the greatest common divisor of s and q?
12
Let w be 3 + 0/(1 - 3). Suppose -w*l + 10 = -l. Let m be (-3*1/3)/(-1). Calculate the greatest common factor of m and l.
1
Suppose m + 2*m = b - 159, -5*m - b - 265 = 0. Let a = 74 + m. What is the greatest common divisor of a and 63?
21
Let i be (-4*1 - 0) + 0. Let f = i - -12. Let w(s) = -63*s**3 + 2*s**2 + 2*s + 1. Let o be w(-1). Calculate the highest common divisor of o and f.
8
Let t = -3197 - -3296. Let p(r) = -12*r**3 - r**2. Let a = 0 - 1. Let f be p(a). What is the highest common factor of f and t?
11
Suppose -3*w + 288 = -0*w. Suppose 4*y - 8 = -32. Let j = 6 - y. Calculate the greatest common factor of j and w.
12
Let i(k) be the third derivative of k**4/24 + 5*k**3/6 - 8*k**2. Let l be i(-3). What is the highest common divisor of l and 22?
2
Suppose 2*m = 3*m - 4*s + 9, -3*s = 0. Let j(h) = -h**3 - 7*h**2 + 18*h + 3. Let w be j(m). What is the greatest common factor of 12 and w?
3
Suppose 0 = 3*s + 3*i - 236 + 50, -s + 68 = -2*i. What is the greatest common divisor of s and 28?
4
Suppose 2*g = 7*g - 5*q - 85, g + 3*q = 25. Suppose -1400 = -6*x - 4*x. Suppose -2*j + x = -12. Calculate the highest common divisor of j and g.
19
Suppose -2*n + 57 = -2*z - 7, -z - 88 = -3*n. Let o(g) = -5*g - 3. Let c be o(-9). Calculate the highest common factor of n and c.
14
Let r = 44 + 38. Let f = -59 + r. What is the highest common factor of 23 and f?
23
Suppose -5*u + 3*y = -42, -2 + 22 = 2*u - 2*y. Let h(x) = -3*x + 3. Let m be h(-11). Let p be m/u*(-40)/(-3). Calculate the greatest common divisor of p and 16.
16
Let m be (-5)/(-100)*5 - 39/(-4). Suppose 1 - 6 = 3*w + n, 3*n + 15 = 3*w. Suppose w = 3*t + t - 40. What is the highest common factor of m and t?
10
Let i be ((-66)/(-4))/((-3)/(-6)). Let m(k) = -3*k - 95. Let j be m(-39). Calculate the highest common factor of j and i.
11
Suppose 5*i - 4*y - 21 = -2*y, 0 = i - 3*y + 1. Suppose 3*v = i*v - 22. What is the greatest common factor of 99 and v?
11
Suppose 0*d = -3*d + 6. Let t be (1*-11)/(d/(-22)). Suppose -79 + 46 = -3*h. Calculate the greatest common divisor of t and h.
11
Suppose 2 = -3*n - 5*o, 0 = -5*n + 5*o + 37 + 13. Let s = -600 + 590. Let k be (n/(-8))/(s/40). What is the greatest common divisor of 27 and k?
3
Let i(c) = c**3 + c**2 + 3*c - 2. Let z be i(2). Let n(s) = -s**3 - 97*s**2 - 372*s + 80. Let y be n(-93). What is the greatest common factor of z and y?
16
Let d be (-40)/3*(-111)/296. Let s be 1*1*-1*-2. Calculate the highest common factor of d and s.
1
Suppose 12*r + r = 312. Suppose 2*h = 6*h - 240. What is the greatest common factor of h and r?
12
Let c = 49 - 43. Suppose 95 = c*m - 85. Calculate the highest common divisor of 10 and m.
10
Suppose -i - 3 = -3*c - 2, -4 = 3*c - 2*i. Suppose -4*g + 14 = -k, 5*k - c*g - 8 = 2*k. Let q be 2*3/6 + k. Calculate the greatest common factor of 56 and q.
7
Let g = -74 + 68. Let q be (40/3)/(-5)*g*1. What is the greatest common factor of 16 and q?
16
Let h(k) = 2*k - 31. Let u be h(17). Suppose 0 = z, -4*z = -u*o - z + 561. Calculate the highest common factor of 11 and o.
11
Let a = -656 - -4556. Calculate the highest common divisor of a and 150.
150
Suppose -10*k + 8 = -9*k. What is the highest common divisor of 2 and k?
2
Let m(b) = b - 3. Suppose -56 = 5*q - 0*p + 3*p, -2*q - 4*p = 28. Let a = 18 + q. Let u be m(a). What is the greatest common factor of 5 and u?
5
Let y be 0 - -74 - (-112)/16. Calculate the greatest common divisor of 3 and y.
3
Let q be (-776)/(-97) + 2*37 + 2. What is the highest common factor of q and 1365?
21
Let t = 872 - 803. Calculate the highest common divisor of t and 46.
23
Let o be 1 - (-2)/(4/18). Suppose -n + 76 = o. Let q = -1162 - -1168. Calculate the greatest common factor of n and q.
6
Let p(a) = -a**2 + 16*a - 24. Suppose 11*c - 90 = 2*c. Let v be p(c). What is the greatest common divisor of 18 and v?
18
Let t be (50/(-4))/(14/(-84)). Calculate the highest common factor of 50 and t.
25
Suppose -5*y + 2*q + 29 + 32 = 0, -2*q - 48 = -4*y. Calculate the greatest common divisor of y and 403.
13
Let c be ((-48)/(-24))/(((-8)/(-78))/4). What is the greatest common divisor of 39 and c?
39
Let u(w) = -w**3 + 6*w**2 - 3*w + 28. Let p be u(4). Calculate the greatest common factor of p and 36.
12
Suppose 11*g - 7*g = 24. Suppose -g*y = -516 - 132. Calculate the greatest common factor of y and 12.
12
Let f(c) = c**3 + 3*c**2 + 3*c - 5. Let a be f(-4). Let t = a + 45. Calculate the greatest common divisor of t and 8.
4
Suppose -8 = -16*m + 12*m. Suppose -m*p - c = -5*c - 730, -5*p + 1818 = -3*c. What is the highest common factor of p and 33?
33
Suppose z + 61 = -3*d, 3*z + d + 138 = -69. Let q be (-2360)/z + 4/14. What is the greatest common factor of q and 51?
17
Suppose -30*u + 3 = -29*u. Suppose -u*d + 5*d - 12 = 0. Calculate the highest common factor of d and 2.
2
Let z = 1427 + -1385. Calculate the highest common divisor of z and 336.
42
Suppose -27*h + 24*h - l = -24, 4*l + 21 = h. Let d = -11 + 17. Let w be ((-8)/d)/(2/(-27)). What is the highest common divisor of h and w?
9
Let t be (-24)/(-15)*425/10. Let o = -23 + t. What is the highest common factor of 30 and o?
15
Let g(v) = -248*v - 2. Let d be g(-1). Let x = d - 174. What is the highest common factor of 9 and x?
9
Let a = 17 - 18. Let w be a - (4 + -4 + -1). Suppose 3*z - 13 - 8 = w. What is the highest common divisor of z and 63?
7
Suppose 0 = -4*n - 3*f + 176, -4*f = -3*n + 217 - 85. Suppose -13*c = -11*c - n. Calculate the greatest common divisor of c and 33.
11
Suppose c + 17 = 8. Let a be -2*15/c + (-3)/9. Suppose 8*g - 13 = 3*g - 2*l, 0 = -3*g - l + 8. Calculate the highest common factor of g and a.
3
Suppose -3*q + 22 + 0 = -i, -4*i + 14 = 5*q. Let d = 192 + -188. What is the highest common divisor of d and q?
2
Let g(j) = j**3 - 10*j**2 - 2*j + 32. Let r be g(12). What is the greatest common divisor of r and 24?
8
Let o(w) = -w**2 + 4*w + 1. Let v be o(3). Suppose j - 39 = -r, r + 102 = v*r - 2*j. Let c = r + 34. Calculate the greatest common factor of 10 and c.
10
Let m = -153 + 325. Suppose -4*x + m + 100 = 0. Let d = x - 20. What is the highest common divisor of d and 6?
6
Let o be (-6 - 603/(-36))*4. What is the greatest common factor of 1075 and o?
43
Suppose 4 = 3*g - 8. Suppose -g*v = -2*v - 6. Suppose -5*w = -11 - 4. What is the highest common divisor of v and w?
3
Let j(s) = s**2 + s + 18. Let t be j(13). Suppose -38 = 2*k - 4*k. Let z = 6 + k. Calculate the highest common divisor of t and z.
25
Let l = 199 - 129. Suppose -20 = -5*b, 2*b + 2*b - 72 = -2*v. What is the greatest common divisor of v and l?
14
Let i be 248/80 + 2/(-20). Let s = 1 - -2. Calculate the highest common factor of i and s.
3
Let a be 104 - (2 + 28/(-20))*5. Suppose p + 99 - a = 0. Let b = 12 - -2. Calculate the highest common factor of b and p.
2
Let z(s) = -s**2 + 26*s + 125. Let k be z(-4). Let f(h) = 4*h + 2. Let y be f(2). What is the greatest common divisor of y and k?
5
Let d(n) = n**3 - 8*n**2 + 8*n - 2. Let r = 6 + 1. Let j be d(r). Let z be -20*(5/2 - 5). What is the highest common divisor of z and j?
5
Let q = -1019 + 1033. Calculate the greatest common divisor of 21 and q.
7
Let t(i) = -4*i - 1. Let h(y) = -y + 5. Let q be h(4). Let s be t(q). Let b be 57/(-1)*s/15. Calculate the greatest common factor of 19 and b.
19
Suppose 0 = 4*o + 176 - 3096. What is the highest common factor of o and 1